{"id":390,"date":"2023-08-18T19:19:30","date_gmt":"2023-08-18T17:19:30","guid":{"rendered":"https:\/\/juliettesejourne.com\/?page_id=390"},"modified":"2025-01-19T21:45:40","modified_gmt":"2025-01-19T20:45:40","slug":"recital-darwich","status":"publish","type":"page","link":"https:\/\/juliettesejourne.com\/en\/recital-darwich\/","title":{"rendered":"R\u00e9cital Darwich"},"content":{"rendered":"<div class=\"wp-block-columns is-layout-flex wp-container-core-columns-is-layout-28f84493 wp-block-columns-is-layout-flex\">\n<div class=\"wp-block-column is-layout-flow wp-block-column-is-layout-flow\" style=\"flex-basis:100%\">\n<p><em>\u00ab&nbsp;Je suis le dialogue des r\u00eaveurs&nbsp;\/ \u0623\u064e\u0646\u0627 \u062d\u0648\u0627\u0631\u064f \u0627\u0644\u062d\u0627\u0644\u0645\u064a\u0646&nbsp;\u00bb<\/em><\/p>\n\n\n\n<div style=\"height:10px\" aria-hidden=\"true\" class=\"wp-block-spacer\"><\/div>\n\n\n\n<p>Multimedia show, Institut du Monde Arabe (2019)<\/p>\n\n\n\n<p>Directing and performance: Juliette S\u00e9journ\u00e9<\/p>\n\n\n\n<blockquote class=\"wp-block-quote is-layout-flow wp-block-quote-is-layout-flow\">\n<p>With  Gregor Daronian: performance<\/p>\n\n\n\n<p>Advising: Sophie Engel<\/p>\n\n\n\n<p>Sound mixing and collaboration: Max Prat-Carrabin<\/p>\n\n\n\n<p>Administration: Pierre-Andr\u00e9 Lacout<\/p>\n\n\n\n<p>Photo credit: Vladimir Vatsev<\/p>\n\n\n\n<p>Video credit: Martin Mallon, Simon Bonanni, Tarek Haoudi<\/p>\n<\/blockquote>\n\n\n\n<div style=\"height:10px\" aria-hidden=\"true\" class=\"wp-block-spacer\"><\/div>\n\n\n\n<p>Can you hear your little inner voice? Do you listen to it? Imagine that it also speaks a language that's foreign to you...<\/p>\n\n\n\n<p>A corpus of poems by Mahmoud Darwich (performed in French and Arabic, translated and set to music) tells the story of a man and his little inner voice...\nBilingualism gives access to the games of the self.<\/p>\n\n\n\n<p>Le bilinguisme donne acc\u00e8s aux jeux de soi.<\/p>\n\n\n\n<p>For this narrative and scenographic recital, I designed a custom-made video device. A tri-frontal concert amidst carpets and cushions.<\/p>\n\n\n\n<div style=\"height:10px\" aria-hidden=\"true\" class=\"wp-block-spacer\"><\/div>\n\n\n\n<div style=\"padding:56.25% 0 0 0;position:relative;\"><iframe src=\"https:\/\/player.vimeo.com\/video\/385435650?badge=0&amp;autopause=0&amp;player_id=0&amp;app_id=58479\" frameborder=\"0\" allow=\"autoplay; fullscreen; picture-in-picture; clipboard-write\" style=\"position:absolute;top:0;left:0;width:100%;height:100%;\" title=\"Je suis le dialogue des r\u00eaveurs \/ Attends-l\u00e0 \/ IMA\"><\/iframe><\/div><script src=\"https:\/\/player.vimeo.com\/api\/player.js\"><\/script>\n\n\n\n<p>d&rsquo;apr\u00e8s \u00ab\u00a0L&rsquo;art d&rsquo;aimer\u00a0\u00bb de Mahmoud Darwich, perform\u00e9 dans \u00ab\u00a0Je suis le Dialogue des r\u00eaveurs\u00a0\u00bb, Institut du monde arabe, 14 d\u00e9cembre 2019.<\/p>\n\n\n\n<p><\/p>\n\n\n\n<div style=\"height:10px\" aria-hidden=\"true\" class=\"wp-block-spacer\"><\/div>\n<\/div>\n<\/div>","protected":false},"excerpt":{"rendered":"<p>\u00ab&nbsp;Je suis le dialogue des r\u00eaveurs&nbsp;\/ \u0623\u064e\u0646\u0627 \u062d\u0648\u0627\u0631\u064f \u0627\u0644\u062d\u0627\u0644\u0645\u064a\u0646&nbsp;\u00bb Spectacle multimedia, Institut du Monde Arabe (2019) Direction, interpr\u00e9tation : Juliette S\u00e9journ\u00e9 Avec : Gregor Daronian Regard ext\u00e9rieur : Sophie Engel Mixage et collaboration son : Max Prat-Carrabin Administration : Pierre-Andr\u00e9 Lacout Cr\u00e9dit photo : Vladimir Vatsev Cr\u00e9dit vid\u00e9o : Martin Mallon, Simon Bonanni, Tarek Haoudi [&hellip;]<\/p>","protected":false},"author":1,"featured_media":175,"parent":0,"menu_order":0,"comment_status":"closed","ping_status":"closed","template":"wp-custom-template-modele-projet","meta":{"_monsterinsights_skip_tracking":false,"_monsterinsights_sitenote_active":false,"_monsterinsights_sitenote_note":"","_monsterinsights_sitenote_category":0,"footnotes":""},"class_list":["post-390","page","type-page","status-publish","has-post-thumbnail","hentry"],"yoast_head":"<!-- This site is optimized with the Yoast SEO plugin v24.8.1 - https:\/\/yoast.com\/wordpress\/plugins\/seo\/ -->\n<title>R\u00e9cital Darwich - Juliette Sejourn\u00e9<\/title>\n<meta name=\"robots\" content=\"index, follow, max-snippet:-1, max-image-preview:large, max-video-preview:-1\" \/>\n<link rel=\"canonical\" href=\"https:\/\/juliettesejourne.com\/en\/recital-darwich\/\" \/>\n<meta property=\"og:locale\" content=\"en_GB\" \/>\n<meta property=\"og:type\" content=\"article\" \/>\n<meta property=\"og:title\" content=\"R\u00e9cital Darwich - Juliette Sejourn\u00e9\" \/>\n<meta property=\"og:description\" content=\"\u00ab&nbsp;Je suis le dialogue des r\u00eaveurs&nbsp;\/ \u0623\u064e\u0646\u0627 \u062d\u0648\u0627\u0631\u064f \u0627\u0644\u062d\u0627\u0644\u0645\u064a\u0646&nbsp;\u00bb Spectacle multimedia, Institut du Monde Arabe (2019) Direction, interpr\u00e9tation : Juliette S\u00e9journ\u00e9 Avec : Gregor Daronian Regard ext\u00e9rieur : Sophie Engel Mixage et collaboration son : Max Prat-Carrabin Administration : Pierre-Andr\u00e9 Lacout Cr\u00e9dit photo : Vladimir Vatsev Cr\u00e9dit vid\u00e9o : Martin Mallon, Simon Bonanni, Tarek Haoudi [&hellip;]\" \/>\n<meta property=\"og:url\" content=\"https:\/\/juliettesejourne.com\/en\/recital-darwich\/\" \/>\n<meta property=\"og:site_name\" content=\"Juliette Sejourn\u00e9\" \/>\n<meta property=\"article:modified_time\" content=\"2025-01-19T20:45:40+00:00\" \/>\n<meta property=\"og:image\" content=\"https:\/\/juliettesejourne.com\/wp-content\/uploads\/2023\/08\/darwich_400.jpeg\" \/>\n\t<meta property=\"og:image:width\" content=\"400\" \/>\n\t<meta property=\"og:image:height\" content=\"267\" \/>\n\t<meta property=\"og:image:type\" content=\"image\/jpeg\" \/>\n<meta name=\"twitter:card\" content=\"summary_large_image\" \/>\n<meta name=\"twitter:label1\" content=\"Estimated reading time\" \/>\n\t<meta name=\"twitter:data1\" content=\"1 minute\" \/>\n<script type=\"application\/ld+json\" class=\"yoast-schema-graph\">{\"@context\":\"https:\/\/schema.org\",\"@graph\":[{\"@type\":\"WebPage\",\"@id\":\"https:\/\/juliettesejourne.com\/recital-darwich\/\",\"url\":\"https:\/\/juliettesejourne.com\/recital-darwich\/\",\"name\":\"R\u00e9cital Darwich - Juliette Sejourn\u00e9\",\"isPartOf\":{\"@id\":\"https:\/\/juliettesejourne.com\/#website\"},\"primaryImageOfPage\":{\"@id\":\"https:\/\/juliettesejourne.com\/recital-darwich\/#primaryimage\"},\"image\":{\"@id\":\"https:\/\/juliettesejourne.com\/recital-darwich\/#primaryimage\"},\"thumbnailUrl\":\"https:\/\/juliettesejourne.com\/wp-content\/uploads\/2023\/08\/darwich_400.jpeg\",\"datePublished\":\"2023-08-18T17:19:30+00:00\",\"dateModified\":\"2025-01-19T20:45:40+00:00\",\"breadcrumb\":{\"@id\":\"https:\/\/juliettesejourne.com\/recital-darwich\/#breadcrumb\"},\"inLanguage\":\"en-GB\",\"potentialAction\":[{\"@type\":\"ReadAction\",\"target\":[\"https:\/\/juliettesejourne.com\/recital-darwich\/\"]}]},{\"@type\":\"ImageObject\",\"inLanguage\":\"en-GB\",\"@id\":\"https:\/\/juliettesejourne.com\/recital-darwich\/#primaryimage\",\"url\":\"https:\/\/juliettesejourne.com\/wp-content\/uploads\/2023\/08\/darwich_400.jpeg\",\"contentUrl\":\"https:\/\/juliettesejourne.com\/wp-content\/uploads\/2023\/08\/darwich_400.jpeg\",\"width\":400,\"height\":267},{\"@type\":\"BreadcrumbList\",\"@id\":\"https:\/\/juliettesejourne.com\/recital-darwich\/#breadcrumb\",\"itemListElement\":[{\"@type\":\"ListItem\",\"position\":1,\"name\":\"Accueil\",\"item\":\"https:\/\/juliettesejourne.com\/\"},{\"@type\":\"ListItem\",\"position\":2,\"name\":\"R\u00e9cital Darwich\"}]},{\"@type\":\"WebSite\",\"@id\":\"https:\/\/juliettesejourne.com\/#website\",\"url\":\"https:\/\/juliettesejourne.com\/\",\"name\":\"Juliette S\u00e9journ\u00e9\",\"description\":\"Juliette Sejourn\u00e9\",\"potentialAction\":[{\"@type\":\"SearchAction\",\"target\":{\"@type\":\"EntryPoint\",\"urlTemplate\":\"https:\/\/juliettesejourne.com\/?s={search_term_string}\"},\"query-input\":{\"@type\":\"PropertyValueSpecification\",\"valueRequired\":true,\"valueName\":\"search_term_string\"}}],\"inLanguage\":\"en-GB\"}]}<\/script>\n<!-- \/ Yoast SEO plugin. -->","yoast_head_json":{"title":"R\u00e9cital Darwich - Juliette Sejourn\u00e9","robots":{"index":"index","follow":"follow","max-snippet":"max-snippet:-1","max-image-preview":"max-image-preview:large","max-video-preview":"max-video-preview:-1"},"canonical":"https:\/\/juliettesejourne.com\/en\/recital-darwich\/","og_locale":"en_GB","og_type":"article","og_title":"R\u00e9cital Darwich - Juliette Sejourn\u00e9","og_description":"\u00ab&nbsp;Je suis le dialogue des r\u00eaveurs&nbsp;\/ \u0623\u064e\u0646\u0627 \u062d\u0648\u0627\u0631\u064f \u0627\u0644\u062d\u0627\u0644\u0645\u064a\u0646&nbsp;\u00bb Spectacle multimedia, Institut du Monde Arabe (2019) Direction, interpr\u00e9tation : Juliette S\u00e9journ\u00e9 Avec : Gregor Daronian Regard ext\u00e9rieur : Sophie Engel Mixage et collaboration son : Max Prat-Carrabin Administration : Pierre-Andr\u00e9 Lacout Cr\u00e9dit photo : Vladimir Vatsev Cr\u00e9dit vid\u00e9o : Martin Mallon, Simon Bonanni, Tarek Haoudi [&hellip;]","og_url":"https:\/\/juliettesejourne.com\/en\/recital-darwich\/","og_site_name":"Juliette Sejourn\u00e9","article_modified_time":"2025-01-19T20:45:40+00:00","og_image":[{"width":400,"height":267,"url":"https:\/\/juliettesejourne.com\/wp-content\/uploads\/2023\/08\/darwich_400.jpeg","type":"image\/jpeg"}],"twitter_card":"summary_large_image","twitter_misc":{"Estimated reading time":"1 minute"},"schema":{"@context":"https:\/\/schema.org","@graph":[{"@type":"WebPage","@id":"https:\/\/juliettesejourne.com\/recital-darwich\/","url":"https:\/\/juliettesejourne.com\/recital-darwich\/","name":"R\u00e9cital Darwich - Juliette Sejourn\u00e9","isPartOf":{"@id":"https:\/\/juliettesejourne.com\/#website"},"primaryImageOfPage":{"@id":"https:\/\/juliettesejourne.com\/recital-darwich\/#primaryimage"},"image":{"@id":"https:\/\/juliettesejourne.com\/recital-darwich\/#primaryimage"},"thumbnailUrl":"https:\/\/juliettesejourne.com\/wp-content\/uploads\/2023\/08\/darwich_400.jpeg","datePublished":"2023-08-18T17:19:30+00:00","dateModified":"2025-01-19T20:45:40+00:00","breadcrumb":{"@id":"https:\/\/juliettesejourne.com\/recital-darwich\/#breadcrumb"},"inLanguage":"en-GB","potentialAction":[{"@type":"ReadAction","target":["https:\/\/juliettesejourne.com\/recital-darwich\/"]}]},{"@type":"ImageObject","inLanguage":"en-GB","@id":"https:\/\/juliettesejourne.com\/recital-darwich\/#primaryimage","url":"https:\/\/juliettesejourne.com\/wp-content\/uploads\/2023\/08\/darwich_400.jpeg","contentUrl":"https:\/\/juliettesejourne.com\/wp-content\/uploads\/2023\/08\/darwich_400.jpeg","width":400,"height":267},{"@type":"BreadcrumbList","@id":"https:\/\/juliettesejourne.com\/recital-darwich\/#breadcrumb","itemListElement":[{"@type":"ListItem","position":1,"name":"Accueil","item":"https:\/\/juliettesejourne.com\/"},{"@type":"ListItem","position":2,"name":"R\u00e9cital Darwich"}]},{"@type":"WebSite","@id":"https:\/\/juliettesejourne.com\/#website","url":"https:\/\/juliettesejourne.com\/","name":"Juliette S\u00e9journ\u00e9","description":"Juliette Sejourn\u00e9","potentialAction":[{"@type":"SearchAction","target":{"@type":"EntryPoint","urlTemplate":"https:\/\/juliettesejourne.com\/?s={search_term_string}"},"query-input":{"@type":"PropertyValueSpecification","valueRequired":true,"valueName":"search_term_string"}}],"inLanguage":"en-GB"}]}},"_links":{"self":[{"href":"https:\/\/juliettesejourne.com\/en\/wp-json\/wp\/v2\/pages\/390","targetHints":{"allow":["GET"]}}],"collection":[{"href":"https:\/\/juliettesejourne.com\/en\/wp-json\/wp\/v2\/pages"}],"about":[{"href":"https:\/\/juliettesejourne.com\/en\/wp-json\/wp\/v2\/types\/page"}],"author":[{"embeddable":true,"href":"https:\/\/juliettesejourne.com\/en\/wp-json\/wp\/v2\/users\/1"}],"replies":[{"embeddable":true,"href":"https:\/\/juliettesejourne.com\/en\/wp-json\/wp\/v2\/comments?post=390"}],"version-history":[{"count":9,"href":"https:\/\/juliettesejourne.com\/en\/wp-json\/wp\/v2\/pages\/390\/revisions"}],"predecessor-version":[{"id":795,"href":"https:\/\/juliettesejourne.com\/en\/wp-json\/wp\/v2\/pages\/390\/revisions\/795"}],"wp:featuredmedia":[{"embeddable":true,"href":"https:\/\/juliettesejourne.com\/en\/wp-json\/wp\/v2\/media\/175"}],"wp:attachment":[{"href":"https:\/\/juliettesejourne.com\/en\/wp-json\/wp\/v2\/media?parent=390"}],"curies":[{"name":"wp","href":"https:\/\/api.w.org\/{rel}","templated":true}]}}

Récital Darwich

<div class="wp-block-columns is-layout-flex wp-container-core-columns-is-layout-28f84493 wp-block-columns-is-layout-flex">
<div class="wp-block-column is-layout-flow wp-block-column-is-layout-flow" style="flex-basis:100%">
<p><em>«&nbsp;Je suis le dialogue des rêveurs&nbsp;/ أَنا حوارُ الحالمين&nbsp;»</em></p>



<div style="height:10px" aria-hidden="true" class="wp-block-spacer"></div>



<p>Multimedia show, Institut du Monde Arabe (2019)</p>



<p>Directing and performance: Juliette Séjourné</p>



<blockquote class="wp-block-quote is-layout-flow wp-block-quote-is-layout-flow">
<p>With  Gregor Daronian: performance</p>



<p>Advising: Sophie Engel</p>



<p>Sound mixing and collaboration: Max Prat-Carrabin</p>



<p>Administration: Pierre-André Lacout</p>



<p>Photo credit: Vladimir Vatsev</p>



<p>Video credit: Martin Mallon, Simon Bonanni, Tarek Haoudi</p>
</blockquote>



<div style="height:10px" aria-hidden="true" class="wp-block-spacer"></div>



<p>Can you hear your little inner voice? Do you listen to it? Imagine that it also speaks a language that's foreign to you...</p>



<p>A corpus of poems by Mahmoud Darwich (performed in French and Arabic, translated and set to music) tells the story of a man and his little inner voice...
Bilingualism gives access to the games of the self.</p>



<p>Le bilinguisme donne accès aux jeux de soi.</p>



<p>For this narrative and scenographic recital, I designed a custom-made video device. A tri-frontal concert amidst carpets and cushions.</p>



<div style="height:10px" aria-hidden="true" class="wp-block-spacer"></div>



<div style="padding:56.25% 0 0 0;position:relative;"><iframe src="https://player.vimeo.com/video/385435650?badge=0&amp;autopause=0&amp;player_id=0&amp;app_id=58479" frameborder="0" allow="autoplay; fullscreen; picture-in-picture; clipboard-write" style="position:absolute;top:0;left:0;width:100%;height:100%;" title="Je suis le dialogue des rêveurs / Attends-là / IMA"></iframe></div><script src="https://player.vimeo.com/api/player.js"></script>



<p>d&rsquo;après « L&rsquo;art d&rsquo;aimer » de Mahmoud Darwich, performé dans « Je suis le Dialogue des rêveurs », Institut du monde arabe, 14 décembre 2019.</p>



<p></p>



<div style="height:10px" aria-hidden="true" class="wp-block-spacer"></div>
</div>
</div>

<p>«&nbsp;Je suis le dialogue des rêveurs&nbsp;/ أَنا حوارُ الحالمين&nbsp;» Spectacle multimedia, Institut du Monde Arabe (2019) Direction, interprétation : Juliette Séjourné Avec : Gregor Daronian Regard extérieur : Sophie Engel Mixage et collaboration son : Max Prat-Carrabin Administration : Pierre-André Lacout Crédit photo : Vladimir Vatsev Crédit vidéo : Martin Mallon, Simon Bonanni, Tarek Haoudi [&hellip;]</p>

<!-- This site is optimized with the Yoast SEO plugin v24.8.1 - https://yoast.com/wordpress/plugins/seo/ -->
<title>Récital Darwich - Juliette Sejourné</title>
<meta name="robots" content="index, follow, max-snippet:-1, max-image-preview:large, max-video-preview:-1" />
<link rel="canonical" href="https://juliettesejourne.com/en/recital-darwich/" />
<meta property="og:locale" content="en_GB" />
<meta property="og:type" content="article" />
<meta property="og:title" content="Récital Darwich - Juliette Sejourné" />
<meta property="og:description" content="«&nbsp;Je suis le dialogue des rêveurs&nbsp;/ أَنا حوارُ الحالمين&nbsp;» Spectacle multimedia, Institut du Monde Arabe (2019) Direction, interprétation : Juliette Séjourné Avec : Gregor Daronian Regard extérieur : Sophie Engel Mixage et collaboration son : Max Prat-Carrabin Administration : Pierre-André Lacout Crédit photo : Vladimir Vatsev Crédit vidéo : Martin Mallon, Simon Bonanni, Tarek Haoudi [&hellip;]" />
<meta property="og:url" content="https://juliettesejourne.com/en/recital-darwich/" />
<meta property="og:site_name" content="Juliette Sejourné" />
<meta property="article:modified_time" content="2025-01-19T20:45:40+00:00" />
<meta property="og:image" content="https://juliettesejourne.com/wp-content/uploads/2023/08/darwich_400.jpeg" />
	<meta property="og:image:width" content="400" />
	<meta property="og:image:height" content="267" />
	<meta property="og:image:type" content="image/jpeg" />
<meta name="twitter:card" content="summary_large_image" />
<meta name="twitter:label1" content="Estimated reading time" />
	<meta name="twitter:data1" content="1 minute" />
<script type="application/ld+json" class="yoast-schema-graph">{"@context":"https://schema.org","@graph":[{"@type":"WebPage","@id":"https://juliettesejourne.com/recital-darwich/","url":"https://juliettesejourne.com/recital-darwich/","name":"Récital Darwich - Juliette Sejourné","isPartOf":{"@id":"https://juliettesejourne.com/#website"},"primaryImageOfPage":{"@id":"https://juliettesejourne.com/recital-darwich/#primaryimage"},"image":{"@id":"https://juliettesejourne.com/recital-darwich/#primaryimage"},"thumbnailUrl":"https://juliettesejourne.com/wp-content/uploads/2023/08/darwich_400.jpeg","datePublished":"2023-08-18T17:19:30+00:00","dateModified":"2025-01-19T20:45:40+00:00","breadcrumb":{"@id":"https://juliettesejourne.com/recital-darwich/#breadcrumb"},"inLanguage":"en-GB","potentialAction":[{"@type":"ReadAction","target":["https://juliettesejourne.com/recital-darwich/"]}]},{"@type":"ImageObject","inLanguage":"en-GB","@id":"https://juliettesejourne.com/recital-darwich/#primaryimage","url":"https://juliettesejourne.com/wp-content/uploads/2023/08/darwich_400.jpeg","contentUrl":"https://juliettesejourne.com/wp-content/uploads/2023/08/darwich_400.jpeg","width":400,"height":267},{"@type":"BreadcrumbList","@id":"https://juliettesejourne.com/recital-darwich/#breadcrumb","itemListElement":[{"@type":"ListItem","position":1,"name":"Accueil","item":"https://juliettesejourne.com/"},{"@type":"ListItem","position":2,"name":"Récital Darwich"}]},{"@type":"WebSite","@id":"https://juliettesejourne.com/#website","url":"https://juliettesejourne.com/","name":"Juliette Séjourné","description":"Juliette Sejourné","potentialAction":[{"@type":"SearchAction","target":{"@type":"EntryPoint","urlTemplate":"https://juliettesejourne.com/?s={search_term_string}"},"query-input":{"@type":"PropertyValueSpecification","valueRequired":true,"valueName":"search_term_string"}}],"inLanguage":"en-GB"}]}</script>
<!-- / Yoast SEO plugin. -->

Récital Darwich - Juliette Sejourné

«&nbsp;Je suis le dialogue des rêveurs&nbsp;/ أَنا حوارُ الحالمين&nbsp;» Spectacle multimedia, Institut du Monde Arabe (2019) Direction, interprétation : Juliette Séjourné Avec : Gregor Daronian Regard extérieur : Sophie Engel Mixage et collaboration son : Max Prat-Carrabin Administration : Pierre-André Lacout Crédit photo : Vladimir Vatsev Crédit vidéo : Martin Mallon, Simon Bonanni, Tarek Haoudi [&hellip;]

Juliette Sejourné

Juliette Séjourné
